{"id":13723,"date":"2026-03-10T04:00:06","date_gmt":"2026-03-10T02:00:06","guid":{"rendered":"https:\/\/laukamo.fi\/teletuotteet\/tuote\/Ei-luokiteltu\/jakokaapin-seinakiinnityssarja-hst-jakokaappiin-khakinharmaa-ral7008\/"},"modified":"2026-04-23T13:56:22","modified_gmt":"2026-04-23T10:56:22","slug":"jakokaapin-seinakiinnityssarja-hst-jakokaappiin-khakinharmaa-ral7008","status":"publish","type":"product","link":"https:\/\/laukamo.fi\/teletuotteet\/tuote\/01-1\/0102-6\/010201-10\/01020104-59\/jakokaapin-seinakiinnityssarja-hst-jakokaappiin-khakinharmaa-ral7008\/","title":{"rendered":"Jakokaapin sein\u00e4kiinnityssarja HST jakokaappiin, khakinharmaa RAL7008"},"content":{"rendered":"<p>Haponkest\u00e4vien jakokaappien sein\u00e4kiinnitykseen tukiprofiilit sivuille. Haponkest\u00e4v\u00e4\u00e4 ter\u00e4st\u00e4<\/p>\n","protected":false},"excerpt":{"rendered":"<p>Haponkest\u00e4vien jakokaappien sein\u00e4kiinnitykseen tukiprofiilit sivuille. Haponkest\u00e4v\u00e4\u00e4 ter\u00e4st\u00e4<\/p>\n","protected":false},"featured_media":16771,"template":"","meta":{"_acf_changed":false},"product_brand":[],"product_cat":[1127],"product_tag":[],"class_list":{"0":"post-13723","1":"product","2":"type-product","3":"status-publish","4":"has-post-thumbnail","6":"product_cat-01020104-59","8":"first","9":"instock","10":"shipping-taxable","11":"purchasable","12":"product-type-simple"},"acf":[],"_links":{"self":[{"href":"https:\/\/laukamo.fi\/teletuotteet\/wp-json\/wp\/v2\/product\/13723","targetHints":{"allow":["GET"]}}],"collection":[{"href":"https:\/\/laukamo.fi\/teletuotteet\/wp-json\/wp\/v2\/product"}],"about":[{"href":"https:\/\/laukamo.fi\/teletuotteet\/wp-json\/wp\/v2\/types\/product"}],"wp:featuredmedia":[{"embeddable":true,"href":"https:\/\/laukamo.fi\/teletuotteet\/wp-json\/wp\/v2\/media\/16771"}],"wp:attachment":[{"href":"https:\/\/laukamo.fi\/teletuotteet\/wp-json\/wp\/v2\/media?parent=13723"}],"wp:term":[{"taxonomy":"product_brand","embeddable":true,"href":"https:\/\/laukamo.fi\/teletuotteet\/wp-json\/wp\/v2\/product_brand?post=13723"},{"taxonomy":"product_cat","embeddable":true,"href":"https:\/\/laukamo.fi\/teletuotteet\/wp-json\/wp\/v2\/product_cat?post=13723"},{"taxonomy":"product_tag","embeddable":true,"href":"https:\/\/laukamo.fi\/teletuotteet\/wp-json\/wp\/v2\/product_tag?post=13723"}],"curies":[{"name":"wp","href":"https:\/\/api.w.org\/{rel}","templated":true}]}}